{"id":1310,"date":"2014-09-06T15:59:32","date_gmt":"2014-09-06T13:59:32","guid":{"rendered":"https:\/\/mysterium24.se\/?page_id=1310"},"modified":"2026-01-12T22:43:39","modified_gmt":"2026-01-12T21:43:39","slug":"kontakta","status":"publish","type":"page","link":"https:\/\/mysterium24.se\/?page_id=1310","title":{"rendered":"Kontakta"},"content":{"rendered":"<p>Anv\u00e4nd nedanst\u00e5ende kommentarsformul\u00e4r f\u00f6r att kontakta Mysterium24.<br \/>\nDitt meddelande kommer INTE att visas eller synas f\u00f6r andra bes\u00f6kare, det kommer endast att skickas direkt till oss.<br \/>\nOm du vill bifoga ett dokument eller en bildfil, <a href=\"https:\/\/mysterium24.se\/?page_id=2429\">tryck h\u00e4r<\/a>.<\/p>\n","protected":false},"excerpt":{"rendered":"<p>Anv\u00e4nd nedanst\u00e5ende kommentarsformul\u00e4r f\u00f6r att kontakta Mysterium24. Ditt meddelande kommer INTE att visas eller synas f\u00f6r andra bes\u00f6kare, det kommer endast att skickas direkt till oss. Om du vill bifoga ett dokument eller en bildfil, tryck h\u00e4r.<\/p>\n","protected":false},"author":1,"featured_media":0,"parent":0,"menu_order":0,"comment_status":"open","ping_status":"closed","template":"","meta":{"footnotes":""},"class_list":["post-1310","page","type-page","status-publish","hentry"],"_links":{"self":[{"href":"https:\/\/mysterium24.se\/index.php?rest_route=\/wp\/v2\/pages\/1310","targetHints":{"allow":["GET"]}}],"collection":[{"href":"https:\/\/mysterium24.se\/index.php?rest_route=\/wp\/v2\/pages"}],"about":[{"href":"https:\/\/mysterium24.se\/index.php?rest_route=\/wp\/v2\/types\/page"}],"author":[{"embeddable":true,"href":"https:\/\/mysterium24.se\/index.php?rest_route=\/wp\/v2\/users\/1"}],"replies":[{"embeddable":true,"href":"https:\/\/mysterium24.se\/index.php?rest_route=%2Fwp%2Fv2%2Fcomments&post=1310"}],"version-history":[{"count":0,"href":"https:\/\/mysterium24.se\/index.php?rest_route=\/wp\/v2\/pages\/1310\/revisions"}],"wp:attachment":[{"href":"https:\/\/mysterium24.se\/index.php?rest_route=%2Fwp%2Fv2%2Fmedia&parent=1310"}],"curies":[{"name":"wp","href":"https:\/\/api.w.org\/{rel}","templated":true}]}}